)/x?
7
Let u = -28 + 879. What is the hundreds digit of u?
8
What is the tens digit of (7 + -533)*(-1)/2?
6
Let f(k) = 8*k**2 - 2*k - 6. What is the units digit of f(8)?
0
Suppose -632 = -2*o + 4*k, -9*k + 20 = -4*k. What is the tens digit of o?
2
Let p be (-6)/(-2) - (-13 - -11). Suppose -7 = -p*c + 28. What is the units digit of c?
7
Suppose -h - 2 + 4 = 0. Let p(d) = 15*d**2 - 3*d - 3. What is the units digit of p(h)?
1
Let d(s) = -s**3 - 13*s**2 + 42*s - 54. What is the units digit of d(-16)?
2
Let p(n) = -94*n + 3. Let y be p(-1). Let r = 252 - y. What is the tens digit of r?
5
Suppose -5*g - 3*y - y + 1025 = 0, 0 = 5*y + 25. Let u = -118 + g. What is the tens digit of u?
9
Suppose 0 = -7*j + 6690 - 642. Suppose -7*v + j = -v. What is the units digit of v?
4
Suppose 0 = 2*d - 2, 3864 = 2*w - 0*d - 4*d. What is the tens digit of w?
3
Let r(h) = h**2 - 4*h + 4. Let m be 2/(-10) + (-21)/(-5). Let k be r(m). Suppose 3*p - 137 = 4*x, -15 = k*x - x. What is the units digit of p?
9
Suppose -6 = -4*r + 658. Let z be r/4 - 6/4. What is the units digit of z*((-44)/20 + 3)?
2
Let g = 118 - 199. Let b = -30 - g. What is the units digit of b?
1
Let p = -27 - -29. Suppose -p*c = -4*c. Suppose -3*w - 37 + 259 = c. What is the units digit of w?
4
Let a(c) = c**2 - 2*c - 8. Let d(h) = h**3 - 7*h**2 + 2*h - 8. Let s be d(7). Let y be a(s). Suppose -7*m + y = -3*m. What is the units digit of m?
4
Let k(x) = 2*x + 19. Suppose -3*p - 56 = p. Let z be k(p). Let l(g) = g**3 + 8*g**2 - 12*g - 13. What is the units digit of l(z)?
4
Let w = 430 + -196. What is the units digit of w?
4
Let v(d) = 3*d - 1. Suppose s - 5*s = -60. Let q be v(s). Suppose 0 = -3*g + 2*m + q, -4*g + 0*m - 2*m + 68 = 0. What is the tens digit of g?
1
Let f(w) = -151*w**3 + 2*w - 1. Let b be f(1). Let o = -65 - b. What is the tens digit of o?
8
Suppose 11*b - 2722 = 1469. What is the tens digit of b?
8
Let l be ((-16)/10)/(10/25). What is the units digit of ((-10)/8)/(l/384)?
0
Suppose -m + 0*m = -8. Let k(n) = m + 1 + 2*n + n - 2. What is the tens digit of k(8)?
3
Let k(t) = t + 54. Suppose -5 = u + 5*y, 3*u - 3*y = -1 + 4. What is the tens digit of k(u)?
5
Let n(v) = -5*v + 50. Let m(g) = -11*g + 100. Let d(t) = -6*m(t) + 13*n(t). What is the units digit of d(0)?
0
Let j be (4 + 9/(-2))*-4. Suppose j*z - 8 = 414. What is the hundreds digit of z?
2
What is the tens digit of 12360/48*(-1 + (5 - 2))?
1
Suppose -w - 2 + 3 = 0. Let t(g) = -2 + 2 - 2 - 9*g - w. What is the units digit of t(-4)?
3
Let u = 37 + -5. What is the units digit of (7 + -4)/(3/u)?
2
Let o be -25 + 21 + 1 + 0. Let s = 32 + o. Suppose -3*i = j - 24, i + 5*j - s = -i. What is the units digit of i?
7
Let c(f) = 122*f**3 + 9*f**2 - 8*f - 3. What is the tens digit of c(2)?
9
Suppose t - 2 = 0, -164 = -3*m + 4*t + 1595. What is the units digit of m?
9
Suppose -3*u - 4*w + 2194 = 0, 7*u - 9*u - w + 1466 = 0. What is the tens digit of u?
3
Let u = -26 + 41. Let l = u + -21. Let d(n) = -n**2 - 8*n - 2. What is the tens digit of d(l)?
1
Suppose -3*w - 6 = 5*z + 2, -4*w + z = -20. Suppose w*x - 55 = -7. What is the tens digit of x?
1
Let x = 117 + -98. Suppose x*h - 16*h = 516. What is the tens digit of h?
7
Suppose -5*k - 177 = -5*b + 1988, -5*b - 5*k = -2215. What is the units digit of b?
8
Suppose 8 = d - 4. Suppose d = -2*t + 70. What is the tens digit of t?
2
Let m(d) = -4*d + 20. Let p(a) = a**3 - 8*a**2 - 2*a + 5. Let y be p(8). What is the units digit of m(y)?
4
What is the tens digit of (-16)/(-4) - 2 - (-723 - -16)?
0
Let y(x) = 2*x - 2. Let h be y(-3). Let v be (-1)/3 - h/(-12). What is the units digit of v*(-2)/1 + 4?
6
Suppose 3*s = 8 - 2. Suppose -2*m + 19 = m + j, -30 = -5*m - s*j. Suppose -4*y - m = 0, -5*r + 90 + 103 = -4*y. What is the tens digit of r?
3
Suppose d - 2*c + 7*c - 82 = 0, c + 310 = 3*d. Let s = 152 - d. What is the units digit of s?
0
Suppose 0 = -3*o - 2 + 2. Suppose -5*k = o, -4*b + 5*k + 364 = 132. What is the tens digit of b?
5
Let f = 120 + 0. Let s = f + -1. Suppose 3*g = 2*b - s, b - 183 = -2*b + 3*g. What is the units digit of b?
4
Let n(f) = -f**3 + 33*f**2 - 7*f - 29. What is the thousands digit of n(17)?
4
Let w(n) = -n + 3. Let j be w(3). Suppose -3*b + j*b = -33. Suppose x = 16 - b. What is the units digit of x?
5
What is the units digit of (579 - 179) + -2 + 0 + -3?
5
Let i(l) = 2*l - 2. Suppose 3*j = -5*q + 7 - 1, 4*q + j = 9. Suppose 0 = 4*d - q*d - 5. What is the units digit of i(d)?
8
Let s = 30 - -319. What is the units digit of s?
9
Suppose 13911 = 4*s - f, 5*s - 17400 = -5*f + 10*f. What is the hundreds digit of s?
4
Let p be (26/39)/((-1)/(-18)). What is the tens digit of (-560)/p*12/(-8)?
7
Let b be 8/36 + (-326)/9. Let n = b - -59. Suppose -u + 5*z = n, 3*u + 0*u - 3*z = -9. What is the units digit of u?
2
Let h(k) = -k**2 + 20*k - 27. Let r be h(17). What is the units digit of 4/r + 0 + (-790)/(-12)?
6
Suppose g - 6*g + 225 = 0. Let i be (18/5)/(6/g). Let q = i - 0. What is the tens digit of q?
2
Let i be (-3 - -3)/(-3 - -2). Let q be (-69)/(-2)*(2 + i). Suppose -4*v = -4*x - 0*v + 128, 2*x = 3*v + q. What is the units digit of x?
7
Suppose 23 = -5*q + 2*t + 1, 5*q - 5*t + 10 = 0. Let b(o) = o**3 + 7*o**2 - 2*o - 7. What is the tens digit of b(q)?
4
What is the units digit of (-7763)/(-28) - 25/20?
6
Let y(i) = -2*i - 3. Let m be y(-3). Suppose -m*a + 378 = 4*a. What is the tens digit of a?
5
Suppose f + 14*t - 4310 = 11*t, 17218 = 4*f + t. What is the units digit of f?
4
Let b(y) be the second derivative of -8*y + y**3 + 1/2*y**2 + 1/4*y**4 + 0. What is the tens digit of b(-4)?
2
Let k = 331 + -241. What is the tens digit of k?
9
Suppose -9 = -5*g + 1. Suppose 5*t + 0*t - 10 = 0, -g*t = -4*o + 300. What is the tens digit of o?
7
What is the hundreds digit of (-3)/(-2) + 1810*2/8?
4
Let p(z) = 26*z + 1 - 5 + 7 + 4. What is the tens digit of p(3)?
8
Let i = 24 + -21. Suppose 0 = -i*h - 5*g, -4*h + 8 = 3*g + g. Suppose m = 6 + h. What is the units digit of m?
1
Let r(o) = -120*o**3 - 16*o**2 - 16*o - 1. Let y(b) = 24*b**3 + 3*b**2 + 3*b. Let v(p) = -2*r(p) - 11*y(p). What is the units digit of v(-2)?
2
Suppose 5*r + 369 + 129 = u, 5*r = 25. What is the units digit of u?
3
Let f(j) = -j**3 + 2*j**2 - j + 5. Let y be f(0). Suppose i + 405 = -0*m + 5*m, y*i - 25 = 0. What is the tens digit of m?
8
Suppose -435 = 2*p - 2941. What is the tens digit of p?
5
Let g be 2/(-11) + 1002/66. Let l be 123 + (g/(-5))/(-1). Let j = l + -72. What is the units digit of j?
4
Let d = -1 - -1. Suppose d = -3*t + 2 + 7. Suppose -84 = -6*g + t*g. What is the units digit of g?
8
Let w(m) = -295*m - 120. What is the thousands digit of w(-6)?
1
Let n = 31 + -21. Suppose 5*v - n = 0, -5*v + 84 = 4*l - 118. What is the tens digit of l?
4
Suppose 2*a + 2 - 4 = 0, -1310 = -5*f + 5*a. Let j = f - 154. What is the hundreds digit of j?
1
Let y = -2792 - -5018. Suppose -970 = -17*q + y. What is the units digit of q?
8
What is the tens digit of ((-60)/(-135))/((-4)/(-18)) + 191?
9
Let s(o) = -2*o - 7. Let n be s(-3). What is the units digit of 4/(n - (-60)/57)?
6
Let x(f) = 3*f**2 - 25*f + 17. Let k(h) = 8*h**2 - 76*h + 50. Let s(n) = 4*k(n) - 11*x(n). What is the tens digit of s(-26)?
9
What is the units digit of ((-204)/255)/((-2)/1925)?
0
Suppose 4*m = -0*k + 3*k + 21, 2*k = 3*m - 15. Let j(b) = -6*b + 13. What is the tens digit of j(k)?
3
What is the units digit of ((-7380)/450)/((-2)/80)?
6
Let y(p) = -5*p**3 - 2*p**2 + 5*p + 3. What is the hundreds digit of y(-4)?
2
Let t(v) = 2*v**3 - 4*v - 11. Let x(k) = 2*k**3 - k**2 - 4*k - 12. Let m(y) = -6*t(y) + 5*x(y). Suppose 119*o - 115*o = -16. What is the tens digit of m(o)?
3
Let x = 633 + -171. Suppose -12*q + x = -390. What is the units digit of q?
1
Let n(m) be the first derivative of -m**3/3 + 3*m**2/2 + 4*m - 5. Let w be n(-3). Let i = 21 + w. What is the units digit of i?
7
Suppose -12 + 16 = 2*m. What is the tens digit of (2*m)/((-6)/(-135))?
9
Suppose 9*g - 336 = 276. What is the tens digit of g?
6
Suppose 0 = 11*n - 38325 - 10911. What is the thousands digit of n?
4
Let g(m) = -m**2 - 12*m - 8. Let o be g(-11). Suppose -361 = 5*v - 3*k, o*k = 2*v - 53 + 201. What is the tens digit of v/(-5) - 2/10?
1
Let f be (8 + -77)/(6/(-20)). Suppose 2*r + h 